et d = -36 - -36. Suppose 3*s - 2*s - 2 = d. Suppose n - x = 10, n + s*n - 18 = -x. Calculate the highest common divisor of n and 28.
7
Let a = -17 + 18. Let y be a/4 - 6/24. Suppose -6*d - 72 + 360 = y. What is the highest common divisor of 6 and d?
6
Suppose 13*f + 10343 - 10616 = 0. Calculate the highest common divisor of f and 2247.
21
Let m = -18 + 14. Let l be (18 - (2 + m)) + -2. Let v = l + -10. Calculate the highest common divisor of 1 and v.
1
Let g(n) = n**2 - 26*n - 60. Let p(j) = 3*j - 15. Let y be p(15). Let m be g(y). What is the highest common divisor of 30 and m?
30
Suppose -4*p + x = -10, -p + 6*p + 4*x = 23. Suppose p*u + 13*u = 1152. Calculate the highest common divisor of 9 and u.
9
Suppose -2*h - 3*m = -789, -3*h + 5*m + 1186 = 10*m. Suppose h*g = 402*g - 1650. Calculate the highest common divisor of g and 70.
10
Let s be (-2 - 1)*(-1488)/(-32)*60/(-15). What is the highest common divisor of 108 and s?
18
Suppose -31*t = -13*t - 35280. Suppose -13*a = -48*a + t. What is the highest common factor of 896 and a?
56
Let u(w) = -w**2 - 14*w + 62. Let h be u(-21). Let q = 389 + h. What is the highest common divisor of q and 38?
38
Let g = 19453 + -19433. What is the highest common divisor of g and 555?
5
Let h be (-660)/(-16) - -3 - 286/1144. Let n be (-4)/(-16) - 878/(-8). What is the greatest common divisor of h and n?
22
Let j = 19878 + -19388. What is the highest common divisor of 420 and j?
70
Let q(g) = -g**3 - 2*g**2 - 10*g + 2128. Let t be q(0). Calculate the greatest common factor of t and 646.
38
Suppose 0*s + 2*s + 880 = -2*g, -3*s - 1320 = -4*g. Let v be -2*7/(35/s). What is the highest common divisor of 22 and v?
22
Let m = -66 + 104. Let x be (m/(-4))/(7/(-14)). Let v(b) = 102*b + 605. Let f be v(-5). Calculate the highest common divisor of f and x.
19
Suppose -19*z + 14*z - 2865 = 0. Let b = z - -638. What is the greatest common divisor of 845 and b?
65
Suppose -2*q = -11*q - 43*q + 1664. Calculate the highest common divisor of 8 and q.
8
Suppose 2*w + 2*w - 8 = 0. Let q(u) = 7 - 15*u - 1 - 11 - u**w. Let r be q(-14). Calculate the greatest common divisor of 6 and r.
3
Suppose 3*z + 3 = 9. Let a(j) = -j + 17. Let d be a(13). Suppose -6 = -n + 3*u, -6*n + 4*n + 10 = -d*u. Calculate the greatest common divisor of z and n.
1
Suppose -w + 5*f = -1583, 0 = -5*w + 154*f - 157*f + 7999. Calculate the greatest common factor of w and 17.
17
Let p = -11144 + 11382. What is the highest common factor of 28084 and p?
238
Let k = -4777 - -4780. Calculate the highest common divisor of 249 and k.
3
Let a(c) = 9*c**2 - 45*c - 48. Let l be a(-17). Calculate the greatest common factor of l and 42.
42
Let m = -236 + 108. Let j be ((-15)/4)/(6/m). Suppose 4*w - j = w - 4*t, -4*w = -5*t - 117. What is the highest common factor of w and 4?
4
Let o(n) = -3*n + 1834. Let h be o(28). What is the highest common factor of h and 70?
70
Suppose 0 = -3*n + 10 + 11. Let j be -1 - -13 - (n - (15 - 5)). What is the greatest common divisor of 25 and j?
5
Suppose 5 = -8*k + 125. Let q be (10/5)/(6/k). Let p be q*-3*24/(-60). What is the highest common divisor of 102 and p?
6
Let o = 15019 - 7114. What is the highest common factor of o and 31?
31
Let r(t) = 2*t**2 - 17*t + 12. Let c(g) = 4*g**2 - 34*g + 23. Let a(k) = 3*c(k) - 5*r(k). Let b be a(12). Calculate the greatest common divisor of 31 and b.
31
Let w = -651 + 651. Suppose w = 52*k - 50*k - 66. Calculate the greatest common factor of k and 55.
11
Let s = -3241 + 3313. Calculate the highest common divisor of 441 and s.
9
Suppose -x + 15 - 6 = 0. Let d be (-468)/(-14) - x/21. Let n(h) = 3*h**2 + 6*h + 3. Let u be n(-12). Calculate the greatest common divisor of u and d.
33
Let j(m) be the second derivative of m**3/2 + 27*m**2 - 20*m + 3. Let p be j(-16). Let b be 73/3 + (-1)/3. Calculate the highest common divisor of b and p.
6
Let t be 9*(-3)/(-4)*(-1376)/(-36). Suppose 5*u + 98 = t. What is the greatest common factor of u and 96?
32
Suppose 10*r = 15*r - 5*o - 45, -r - o - 1 = 0. Let m be 2/(r + (-572)/144). What is the greatest common divisor of 168 and m?
24
Suppose -5*w - 2*p + 6246 = 0, 0 = 2*w - 76*p + 74*p - 2504. What is the greatest common factor of 10 and w?
10
Suppose -12 = -6*r + 6. Suppose -k = -r*k + 198. What is the highest common divisor of 45 and k?
9
Suppose -1467 = -k - 4*d, -3*k + 2941 = d - 1427. What is the greatest common divisor of 15 and k?
15
Suppose 0 = 3*a - 21. Suppose -3111*r + 3116*r = 2*z + 16, 59 = 5*z + 4*r. Calculate the greatest common divisor of z and a.
7
Let z(s) = -s**2 - 12*s - 14. Let u(c) = -c**2 + 28*c - 8. Let b be u(28). Let a be z(b). Calculate the greatest common factor of 153 and a.
9
Let d = 59 + -54. Suppose d*w = -u + 69, 0 = -2*w + w - 2*u + 21. Suppose -32 = 5*k - w*k. What is the highest common divisor of k and 68?
4
Let p = -5580 - -6546. Calculate the greatest common divisor of p and 28.
14
Suppose 42*q - 285859 = 264*q - 736963. What is the highest common factor of 104 and q?
8
Let z = 12 - -1644. What is the highest common factor of 2691 and z?
207
Let c = -441 + 380. Let n = 97 + c. Calculate the highest common divisor of 12 and n.
12
Suppose 0 = -137*c + 144*c - 14. Suppose f - 642 = -4*u, c*u + f + 478 = 5*u. Calculate the greatest common factor of 60 and u.
20
Let s(n) = 3*n**2 - 19*n - 18. Let p be s(8). Let i(o) = -o**3 + 20*o**2 + 46*o + 46. Let m be i(p). Calculate the greatest common divisor of m and 10.
10
Suppose 0 = -5*m + z - 628 + 2055, -12 = -4*z. Suppose -l + 6 + 11 = 0. Suppose 16*i = l*i - m. What is the greatest common factor of 26 and i?
26
Suppose -8*t - 2446 + 3400 = t. What is the greatest common factor of 477 and t?
53
Suppose -3*n = 5*m - 37, -m = -3*n - 3*m + 22. Suppose -5*v + 6975 = n*v. Suppose -217 - v = -4*h. Calculate the greatest common divisor of 31 and h.
31
Let h be 3 + 935 + (-10)/(-2) + (-4 - -1). What is the greatest common factor of h and 40?
20
Let z be -3*(-7 - 15/(-9)). Suppose -9*w + z*w = 154. Suppose -4*q + 2*q = 4*s - 50, 5*s = -2*q + 61. Calculate the greatest common divisor of s and w.
11
Suppose -6*f + 2105 = -4897. Let c be 1/(-2)*(f - 7)/(-10). What is the highest common factor of 2 and c?
2
Let l be ((36 - 17) + (-3159)/27)/(-2). Let a(k) = 4*k**2 + 5*k - 5. Let h be a(-5). What is the highest common divisor of l and h?
7
Let x = -150 - -219. Suppose -74*s + x*s = 105. Let z = 13 - s. What is the greatest common factor of 17 and z?
17
Suppose 5*v + 38 = a + 5, 0 = -3*a - v + 35. Let z(y) = -y**3 + 12*y**2 + 27*y - 1. Let g be z(6). Calculate the highest common factor of g and a.
13
Let h be 1 - -22 - (-28 + 27). Suppose -h - 304 = -2*m. Calculate the greatest common divisor of 41 and m.
41
Let d = 5371 - 5142. What is the greatest common divisor of 1 and d?
1
Let y be -134*(15/(-3) + -3). Let m be 0 - y/(-5) - (-12)/20. Calculate the highest common factor of 129 and m.
43
Let g(u) = u**2 - 31*u - 12. Let x be g(79). What is the greatest common factor of 4 and x?
4
Let i be (-1)/(-5) + (-1076)/(-20). Let w be 3/9 - 448/12. Let y = w + i. What is the greatest common factor of 136 and y?
17
Suppose 9 = p + 6. Suppose 4*v - 50 = -k, -p*v + 45 = -5*k - 4. What is the greatest common divisor of v and 221?
13
Let i(r) = r**2 - 14*r - 182. Let w be i(-9). Suppose 0 = 5*h + w*b - 26*b - 842, -664 = -4*h + 4*b. What is the greatest common factor of 78 and h?
13
Let c(n) = -8*n - 105. Let k be c(-12). Let p be (-52)/(-39)*k/(-4). Calculate the greatest common divisor of p and 51.
3
Let d be 12/16 + 77/4. Let s(t) = 33*t - 486. Let q be s(22). What is the highest common factor of q and d?
20
Suppose -3*q = -5*x - 2262, q + x - 754 = 3*x. Let r = -520 + q. Calculate the highest common factor of 26 and r.
26
Let q be (2595/2)/5 - 6/(-24)*2. Calculate the greatest common divisor of q and 320.
20
Let b = -2027 + 2085. Calculate the greatest common factor of 2146 and b.
58
Let a = 4611 + -634. What is the highest common divisor of 41 and a?
41
Suppose -5*y = -4*l + 64970, -l + 4*y - 10209 = -26435. What is the highest common factor of 130 and l?
130
Let y(r) = -12*r - 2. Let u be y(-1). Suppose -u*g + 12*g - 22 = 0. Suppose -g*m = -18*m + 756. What is the highest common factor of m and 12?
12
L